110704)/(-357) - 6/63 is divided by 35.
30
Let r = -65 - -69. Suppose -6*c + 58 = -r*c. Suppose -u + 80 = 4*u. What is the remainder when c is divided by u?
13
Suppose -5*r + p - 12 + 1 = 0, -2*r = 5*p - 1. Let q be r/3*2046/(-44). Let n = 0 + q. Calculate the remainder when n is divided by 8.
7
Let o be (-95)/(-40) - 6/16. Suppose -o*g + 3*r = 6*r - 12, -3*g + r = -18. What is the remainder when 28 is divided by g?
4
Let s = -140 - -70. Let p = -45 - s. What is the remainder when p is divided by 2/(-4*(-4)/72)?
7
Suppose 3*t - 226 = 4*o, -3*t = 29*o - 31*o - 218. Calculate the remainder when t is divided by 52.
18
Let d(h) = -h**2 + 3*h - 1. Let i be d(2). Suppose -4*k - 79 = -3*n, k = -5*n + 6*k + 125. What is the remainder when 1 + i - (1 - 60) is divided by n?
19
Suppose 2*i - 248 = 4*i. Let d = -87 - i. Suppose -2*g - 3*l = -d, 0 = -5*l - 1 + 6. Calculate the remainder when g is divided by 5.
2
Let i = -23 + 45. What is the remainder when (2*-1)/((-92)/3910) is divided by i?
19
Let p(z) = 20*z + 7. Let w be p(-2). Let i = -32 - w. Let n = -18 + 21. What is the remainder when n is divided by i?
0
Suppose 0 = 4*o + o - 115. Suppose 0 = -0*c + 3*c - 108. Let q = 31 + c. Calculate the remainder when q is divided by o.
21
Let b(g) = g**3 + 28*g**2 + 22*g - 131. Calculate the remainder when 470 is divided by b(-27).
2
Suppose q + 50 = 2*g, -3*g - q + 106 = g. What is the remainder when (-296)/6*(2/15 - 980/600) is divided by g?
22
Let z(x) = -9*x + 215. Calculate the remainder when z(14) is divided by 78.
11
Suppose -b - 5*r + 22 = 0, 5*r + 13 + 7 = 0. Let g = -30 + b. What is the remainder when (-22)/(-1)*(-1 + 2) is divided by g?
10
Suppose 0 = -5*x + 3*y - 3, 0 = y - 1. Suppose x = 2*j - j - 1, -5*j - 43 = -4*q. What is the remainder when 58 is divided by q?
10
Let k(u) = u**2 - 3*u - 1. Calculate the remainder when k(17) is divided by 60.
57
Suppose -5*d + 5*t + 45 = 0, -4*d + 3*t + 0*t = -33. Calculate the remainder when 1294 is divided by d.
4
Let r be (-598)/(-4) + 8/(-16). Suppose -2*x = 5*o - 147, -5*o + 160 = 4*x - r. What is the remainder when x is divided by 14?
11
Suppose -4*i + 192 = 4*f - 0*f, -5*f + 234 = -i. What is the remainder when f is divided by 6?
5
Calculate the remainder when 3/6*-4 - (-1 - 49) is divided by 15.
3
Let l = 113 - 50. Calculate the remainder when l is divided by (-1 + -4)*(-1600)/500.
15
Let a be -2 + 5 - (0 - 1). Suppose 140 + 93 = 3*h + 5*p, -4*p + 66 = h. What is the remainder when h is divided by (a - 9)*(-44)/10?
20
Suppose -6*x + 256 = -4*x. Let h(o) = -o**3 + 8*o**2 + 4*o + 11. Calculate the remainder when x is divided by h(8).
42
Calculate the remainder when 20 - -46 - (2*3)/(-2) is divided by 33.
3
Suppose -5*r = -12*r - 49. Calculate the remainder when 23 is divided by 1/r + (-1408)/(-154).
5
Calculate the remainder when 133 is divided by 2/(-3)*10/(200/(-810)).
25
Let a = 1071 - 1050. Let o = 24 - 16. What is the remainder when a is divided by o?
5
Suppose -12*f + 2110 = 718. What is the remainder when f is divided by 20?
16
Suppose -2*u + 363 = 3*h, -12*u - 2*h - 378 = -14*u. Calculate the remainder when u is divided by 54.
24
Let u be (-6)/3*(-652)/(-16)*2. Let f = u + 187. Let l = -40 + 109. Calculate the remainder when l is divided by f.
21
Let n = 703 + -653. Calculate the remainder when 598 is divided by n.
48
Suppose -2*r = q - 2 - 49, -13 = -r + 2*q. Let v = -37 + 65. Calculate the remainder when (-4 - r)/((-3)/9*1) is divided by v.
25
Let p(g) = -66*g + 2. Let s(z) = 133*z - 3. Let c(w) = -7*p(w) - 4*s(w). What is the remainder when c(-1) is divided by 14?
12
Let z = 220 - 154. Suppose p = 2*b - 47, -b + 5*p + 3 = -7. What is the remainder when z is divided by b?
16
Let q be (-1)/(-3) - 658/(-6). Suppose 220 = -4*k - o, -3*o + q = -2*k - 0*k. What is the remainder when 38 is divided by (22/k)/((-1)/25)?
8
Let h(d) = 81*d**2 + 3*d - 2. Let w = -55 + 83. Calculate the remainder when h(1) is divided by w.
26
Let v = -1199 + 1256. Calculate the remainder when v is divided by 3*3/((-27)/(-60)).
17
What is the remainder when (-54)/81*(-177)/2 is divided by 11?
4
Let x(h) = -h**2 + 7*h + 13. Let t be x(17). Let g = t + 242. Let k = 43 + -14. Calculate the remainder when g is divided by k.
27
Suppose 354*u - 96 = 342*u. What is the remainder when 12 is divided by u?
4
Let a = 170 + -91. Suppose 9*v = 849 - 669. Calculate the remainder when a is divided by v.
19
Suppose -4*d + 16 = -32. What is the remainder when 36 is divided by (d - 1) + 7 + -3?
6
Suppose 1 = -f + 4, -2*f + 26 = 5*p. Suppose -4*k = 2*s - 134, -4*k + 347 = s + p*s. What is the remainder when s is divided by 37?
34
Let t(r) = 16 + 13*r - r**3 + 14*r**2 + 2*r**3 + 0*r**3. Let o(h) = -9*h**3 - 2*h**2 - 2. What is the remainder when o(-2) is divided by t(-13)?
14
Suppose 0 = -3*h + 4*k + 8, 7*k - 3*k - 4 = 0. Suppose 3*r + 73 = h. Let g = 17 - r. What is the remainder when g is divided by 14?
12
Suppose 2*b - 11096 = -5*h, -2*b - 1484 = -4*h + 7382. What is the remainder when h is divided by 10?
8
Suppose -5*w + 107 = 4*b, -3*b + 119 = -w - 3*w. Let f = -25 + b. What is the remainder when 12 is divided by f?
4
Suppose 4*m + 1892 = 2*z, -m = -3*z + 3474 - 626. Calculate the remainder when z is divided by 53.
49
What is the remainder when 79 is divided by (1*(-26 + 1))/(-13 - -12)?
4
Let r(s) = s**2 + 4*s - 58. What is the remainder when r(7) is divided by 3?
1
Calculate the remainder when 241 is divided by 74/(-4)*(-54 + 52).
19
Suppose -4*o = -b - 171, -2*o = 3*b - 53 - 36. What is the remainder when 255 is divided by o?
40
Let y be ((-36)/(-3))/(-2)*2. Calculate the remainder when 1 is divided by 4/3 + 4/y.
0
Let q(d) = -580*d**3 + 2*d**2 + 10*d + 9. What is the remainder when q(-1) is divided by 11?
9
Let y(o) = -2*o + 10. Let a be y(3). Suppose -l - a*l = -220. Calculate the remainder when l is divided by 16.
12
Let m(g) = -152*g**3 - g**2. Calculate the remainder when m(-1) is divided by 4/(-22) - (-2 + 796/(-22)).
37
Suppose 3*t - 2*l = 60, -2*l + 66 = 3*t + t. Calculate the remainder when 2585/44 - -9 - 12/16 is divided by t.
13
Suppose 3*c - 4*y = -0*c + 159, 0 = 5*c - 3*y - 276. What is the remainder when 322 is divided by c?
37
Let c(n) = n**2 - 16*n + 69. What is the remainder when 392 is divided by c(7)?
2
Let t(r) be the second derivative of r**5/20 - r**4/6 - r**3/6 + 4*r**2 + 14*r. Calculate the remainder when 53 is divided by t(3).
11
Let w(d) = 2*d**3 + 65*d**2 + 32*d + 14. Calculate the remainder when 67 is divided by w(-32).
11
What is the remainder when (-4 + 2754/30)*5 is divided by 55?
54
Let j(a) = -a**3 - 3*a**2 - a + 1. Suppose 4*n - 19 = 17. Suppose 1 - n = -k. Calculate the remainder when k is divided by j(-3).
0
Let m(r) = r**3 - r**2 + 3*r - 3. Let n be m(-4). Let q = n - -168. Let s = -63 + 88. Calculate the remainder when q is divided by s.
23
Let k(o) = o**2 + 3*o + 4. Suppose -4*t + 4*l - 24 = 0, 4*l = -2*t + t + 4. Let b be k(t). Calculate the remainder when 71 is divided by 16 + b/(16/4).
17
Suppose 153 = 17*s - 442. Let k(p) = -2*p + 8. What is the remainder when s is divided by k(-6)?
15
Suppose -4*j + w - 27 = 6*w, -4*w = j + 4. Let g = -33 - j. Let m = 2 - g. What is the remainder when m is divided by 15?
12
Suppose 2*u = -5*c + 822, -3*c = -4*u - 18 - 496. Calculate the remainder when c is divided by 24.
22
Let z(o) = o**3 + 6*o**2 + 8*o + 5. Let b be z(-4). Suppose b*f + 5*j - 550 = 0, 4*f - 442 = -4*j - j. What is the remainder when f is divided by 22?
20
Let t(s) = 80*s**3 - 3*s**2 + 5*s - 3. What is the remainder when t(1) is divided by 12?
7
Suppose 32 - 4184 = -8*h. Calculate the remainder when h is divided by 20.
19
Let l = 7 - 2. Suppose -l*r + 3*r = -18. Suppose -20 = -5*x + 10. Calculate the remainder when r is divided by x.
3
Let r(c) = 20*c + 91. What is the remainder when r(0) is divided by 30?
1
Suppose -25*s + 3*s + 154 = 0. Calculate the remainder when 174 is divided by s.
6
Let o(x) = x**2 + 2*x - 1. Let f be o(-3). Let s be 0*1*(-2)/(-4). What is the remainder when 21 is divided by 4 - (f + -4 + s)?
3
Suppose 3*m - 4*p = 111, 0 = -2*m + 18*p - 20*p + 88. Calculate the remainder when 327 is divided by m.
40
Suppose 26 + 297 = 19*p. What is the remainder when 369 is divide